 be m(t). Calculate the greatest common divisor of n and 14.
14
Suppose -5*a + 10*a = 50. Suppose -4*g + 130 - a = 0. Suppose 2*r - 3*r + 2*d = -g, -2*r + 2*d = -66. Calculate the highest common factor of r and 9.
9
Let y be (-1)/2*4 + -55. Let v = -31 - y. Calculate the greatest common divisor of 65 and v.
13
Let n = -34 - -98. What is the greatest common divisor of 16 and n?
16
Let y(b) = -b**3 + 13*b**2 + 3*b + 17. Let r be 1*15 - (-11 + 13). Let v be y(r). Calculate the greatest common factor of v and 140.
28
Suppose -1 - 15 = -4*x, 0 = -l - x + 9. Suppose -d = -l*d + 48. Calculate the highest common factor of d and 60.
12
Let d(j) = -j**2 - 2*j + 5. Let c be d(-5). Let z = 17 + c. What is the greatest common divisor of z and 28?
7
Let t be 8*(1/2 + -1). Let j = 4 - t. Let a = 14 - j. Calculate the highest common factor of 42 and a.
6
Let s be 2/(-3) - 10640/(-84). Suppose -84 = -4*a - 12. Calculate the greatest common divisor of s and a.
18
Let v(c) = -c + 5. Let r be v(5). Suppose 5*d - 25 - 30 = r. Calculate the greatest common factor of d and 1.
1
Suppose 21 = -v + 173. Suppose -m + 12 + 7 = 0. Calculate the highest common divisor of v and m.
19
Let r(a) = 2*a**2 - 4*a - 5. Let b be r(4). Let d be 2/b + 2764/44. Calculate the highest common factor of 9 and d.
9
Let v(s) = 2*s - 14. Let l be v(16). What is the greatest common factor of l and 90?
18
Suppose 6 = 6*z - 18. What is the highest common divisor of 36 and z?
4
Suppose 0 = 5*z + 5*d - 15, -z + 4*z + d = 3. Let s(o) = -o**3 + o**2 + 4. Let y be s(z). Calculate the greatest common divisor of y and 8.
4
Let c(a) = -a + 4. Let d be c(3). Let f = 3 - 1. Let w be 2*f - (2 - 1). What is the highest common factor of w and d?
1
Suppose 7 = k + 2. Suppose -k*h + 40 - 10 = 0. Calculate the highest common factor of 24 and h.
6
Suppose -4*a = -4*r - 612, -2*r = a - 5*a + 612. Suppose -20*t + 4 = -336. Calculate the highest common factor of a and t.
17
Let i = -3 - -11. Let l = -2 + 1. Let m be 64 - (l + 1 - 0). Calculate the greatest common factor of i and m.
8
Suppose -4*l = 2*y - 3*l - 44, -l + 4 = 0. Calculate the greatest common divisor of 50 and y.
10
Suppose -z - z = -4. Let a(y) be the first derivative of -y**4/4 + 4*y**3/3 + y**2/2 - 2*y - 5. Let v be a(3). What is the highest common divisor of v and z?
2
Suppose 4*c - d - 6 = -1, -2*d = -4*c + 2. Let z be 11 - 2 - -2 - c. Calculate the greatest common divisor of 9 and z.
9
Suppose -2*b - i = -0*b - 46, -2*b + 4*i + 66 = 0. Suppose -d + 127 = -b. Calculate the greatest common divisor of d and 19.
19
Suppose -4*s + 293 = -187. What is the greatest common factor of s and 24?
24
Let v(i) = -i - 1. Let s be v(-5). Suppose 79 = s*t + 3*h, 3*t + 3*h - 54 = -h. What is the highest common factor of t and 11?
11
Let y = 158 - 109. Suppose -4*g = -4*d + 28, 5*d = -g - 6 + 53. Let r = y - d. Calculate the greatest common divisor of 16 and r.
8
Let t(p) = 2*p**3 - p**2 + p. Let h be t(1). Suppose -h*i = -i + 5*l - 157, 0 = 2*i + 5*l - 289. Calculate the highest common factor of i and 12.
12
Let m be 0 - 2 - -4 - -110*1. Calculate the greatest common divisor of 28 and m.
28
Suppose -5*i = -16 + 1. Let a(v) = -v**2 + 3*v + 2. Let g be a(i). Suppose -j + 8 = -g. What is the highest common divisor of j and 4?
2
Suppose 3*w - 107 - 13 = 0. Calculate the highest common divisor of w and 160.
40
Let l(a) = 2*a**3 - a - 2. Let y be l(2). Suppose 10 + y = 2*g. Calculate the highest common factor of g and 88.
11
Let c = -1 + -2. Let f(z) = z**3 + 4*z**2 + 1. Let w be f(c). Let g be 0 + 2 + (0 - -8). What is the highest common divisor of g and w?
10
Suppose -5*p = 2*i - 6*i + 47, i = 3*p + 3. Let k be i*(-1 - 15/(-9)). Calculate the greatest common divisor of 6 and k.
6
Let u(y) = y**2 + y + 16. Let q be u(0). Let k = -75 + 25. Let i = -18 - k. What is the greatest common divisor of q and i?
16
Let f = -13 - -14. Let k(u) = 4*u**2 - u + 2. Let g be k(f). Calculate the greatest common factor of 2 and g.
1
Let v(b) = -10*b - 68. Let j be v(-14). What is the highest common divisor of j and 48?
24
Let r(q) = -q**3 - 4*q**2 - 2*q + 1. Let b be r(-2). Let j be (-6)/3 + (-15)/b. Calculate the greatest common factor of 1 and j.
1
Suppose 8*y + 56 = 4*y. Let h be y/(-1) - (3 + 0). What is the highest common factor of 11 and h?
11
Let c be 250/7 + 6/21. Let t be (-2*2)/((-2)/c). What is the greatest common factor of 8 and t?
8
Suppose -8 = 2*q - 3*q. Suppose -4*z = -0*z - q. Suppose 2*s - 15 = -5*o, -z*o - 6 = -0. Calculate the highest common factor of 5 and s.
5
Let o(b) = b + 13. Let c be o(5). Calculate the greatest common factor of c and 27.
9
Suppose 10*d - 231 - 339 = 0. What is the highest common divisor of d and 171?
57
Let p be (-3)/(-6) + 25/2. Let z = -3 + 3. Suppose 4*w + z*k = -k + 48, 7 = -w - 5*k. Calculate the greatest common divisor of w and p.
13
Let p(v) = -v**2 - v + 3. Let c = -2 + 2. Let w be p(c). Let t be (w + 0)/((-3)/(-9)). What is the highest common divisor of t and 27?
9
Let m = -9 + 62. Suppose m = 4*x - 2*g - 67, 96 = 3*x - 3*g. Calculate the highest common factor of 7 and x.
7
Suppose -4*s = -2*j - 666, -4*j - 151 + 799 = 4*s. Calculate the highest common factor of 15 and s.
15
Let r = 63 - 23. What is the highest common factor of 5 and r?
5
Let d = 5 + -5. Suppose d = 2*g - 3*g + 117. What is the highest common divisor of 13 and g?
13
Let w(b) = b**3 + 22*b**2 - 49*b - 17. Let v be w(-24). What is the highest common factor of v and 49?
7
Let b = 23 + -13. Suppose -t + 32 = g, -4*t + 0*g + 110 = -5*g. What is the greatest common factor of t and b?
10
Let h(q) = q**3 + 5*q**2 + q - 4. Let t be h(-4). Let p = -5 - -7. Suppose -p = -y - y. Calculate the greatest common divisor of t and y.
1
Suppose 35 = 7*n - 2*n. Let g(y) = -11*y - 2. Let m(h) = -10*h - 2. Let p(c) = n*m(c) - 6*g(c). Let k be p(-4). What is the greatest common factor of k and 2?
2
Suppose -3*r + 5*k = -22, 10 = -2*r + 3*r + k. What is the greatest common factor of r and 6?
3
Let p(z) = -4*z - 13. Let a be p(-12). Calculate the highest common divisor of a and 5.
5
Suppose -7 = -9*x + 29. Calculate the highest common divisor of x and 36.
4
Let q = -17 + 20. Calculate the highest common divisor of 27 and q.
3
Suppose 12 = -5*s - 8. Let x(v) = -8*v - 3. Let b be x(s). Let y = -14 + b. What is the greatest common factor of 30 and y?
15
Let q(t) = -t**3 + 13*t**2 - 13*t + 15. Let f be q(12). Suppose -2*c + 8 = 0, f*l - 161 = 4*c + 48. What is the highest common divisor of l and 30?
15
Let d be (4/(-2) + 2)/2. Suppose -4*l + 2 - 14 = d, 2*k + 2*l = -36. Let a = k - -33. What is the highest common divisor of a and 36?
18
Let y = 29 - 2. Suppose -2*o + 43 - 17 = 2*f, -25 = -f - 4*o. What is the greatest common divisor of f and y?
9
Suppose 0 = -w + 4*p + 44, -w - w + 83 = -3*p. What is the greatest common divisor of 8 and w?
8
Let c(z) = -z + 4*z**2 + 3*z - 2*z**2 + 1 - 3. Let i be c(-2). Let m(q) = 14*q**2. Let n be m(i). What is the greatest common factor of 84 and n?
28
Let m(k) = -k**3 - 8*k**2 - k + 4. Let g be 12/8*(-16)/3. Let r be m(g). What is the greatest common divisor of r and 84?
12
Let u = -10 - -13. Let n be (-2)/(-6) + 131/u. Calculate the greatest common divisor of n and 22.
22
Let z be 0 - 15/5*-18. Let h(l) = l**2 - l + 135. Let d be h(0). Calculate the highest common divisor of d and z.
27
Suppose -a + 14 = -8. Suppose -j - 3*y = -3*j + a, 2*y + 36 = 4*j. Calculate the highest common factor of j and 88.
8
Suppose -28 = -4*y - 4*g, y = 2*y - 2*g - 1. What is the highest common divisor of 40 and y?
5
Suppose 5*r - 3*g = 264, -3*g = r + g - 62. Suppose l + l = -16. Let m be ((-108)/16)/(3/l). Calculate the greatest common divisor of r and m.
18
Suppose u + 14 = 5*r, 2*u - 10 = -u + 2*r. What is the greatest common divisor of u and 18?
6
Suppose -p - 6 = -4*q - 37, -4*p + 12 = 0. Let x be (-16)/(-7) + 2/q. Suppose -25 = 7*i - x*i, -6 = -2*a - 2*i. Calculate the highest common factor of a and 56.
8
Let j(l) = 2 - 4*l**3 + 7*l**2 - 2*l + 4 + 3*l**3 + 2*l**2. Let f be j(8). What is the greatest common divisor of f and 135?
27
Suppose -2*o + 0 = -4*d + 4, -23 = -5*d - 2*o. Let b be d*(-10)/4*-2. Let t = -11 + b. What is the highest common divisor of t and 44?
4
Le